, 3, 19
List the prime factors of (-190)/3*(7 + (9 - 13) + -318).
2, 3, 5, 7, 19
Let s = 118 + -303. What are the prime factors of (2*4/(-10))/(1/s)?
2, 37
Let c(i) = -142333 + 17*i**3 + 142335 - 51*i**3. What are the prime factors of c(-2)?
2, 137
Suppose -3*v + 11 = -4*g, -5*v - 4*g + g = -28. Suppose v = -p - 4. What are the prime factors of -4*(138/p + (-2)/12)?
2, 31
Let a(g) = -4681*g - 11. What are the prime factors of a(-1)?
2, 5, 467
Let i(t) = -t**2 + 5*t + 33. Let d = -67 - -76. Let n be i(d). List the prime factors of 395/(-10 - -5)*n.
3, 79
List the prime factors of (-2)/(-3) + (-347948)/(-6) + (-1 - -8).
3, 19333
Let b(i) = i**3 + 23*i**2 - 26*i - 28. Let q be b(-24). Let j = -17 + q. Suppose j*o - 6 = -2*m, -4*o - 1 + 4 = m. List the prime factors of m.
3
Suppose 2*s + 52 = 6*s. Suppose -a - 4*d - s = 0, 5 = -3*a - 2*a - 5*d. Suppose f - y - 229 = 0, f - a*f = y - 464. List the prime factors of f.
3, 7, 11
Let d be (2*(-1)/(-4))/(17/170). Suppose -d*h - 7 = -6*h. Suppose -5*w - 74 = -h*w. What are the prime factors of w?
37
Let r(g) = g**2 - 11*g + 57. Let s(z) = -z**2 + 12*z - 56. Let n(x) = -4*r(x) - 5*s(x). Let q be n(8). List the prime factors of 15*(1 - 8/q).
5
Let a be (-3 - 5/(-3))/(2/(-3)). Let v(l) = 300*l**2 - 24*l + 48. What are the prime factors of v(a)?
2, 3, 5
Suppose 0 = 30*r - 434246 - 718204. What are the prime factors of r?
3, 5, 13, 197
Let i = -109 - -114. Suppose 5*t + 3*h - 31715 = -2*h, 3*t = -i*h + 19023. Suppose -15*a = 2041 - t. List the prime factors of a.
7, 41
Let d = 372 + -79. Let m = d - -258. List the prime factors of m.
19, 29
Let d = 311 - -5413. Suppose -4*x = 5*x - d. What are the prime factors of x?
2, 3, 53
Let f = -537 - -534. Let z(j) = j**2 - 22*j - 10. List the prime factors of z(f).
5, 13
Let l = 23764 - 8574. List the prime factors of l.
2, 5, 7, 31
Suppose 361*t = 351*t - 11480. Let m = -696 - t. What are the prime factors of m?
2, 113
Let k(b) = 5*b**3 + 167*b**2 + 8*b + 105. What are the prime factors of k(-33)?
3, 673
Suppose 408 = 3*g - 915. Suppose 3*a - 177 - g = 0. Let i = -145 + a. What are the prime factors of i?
61
Let m(u) = -51*u + 104 - 328 + 167. What are the prime factors of m(-9)?
2, 3, 67
Let x be 8/(3 + 286/(-96)). Let p = -630 + x. Let t = p - -376. List the prime factors of t.
2, 5, 13
Suppose 27*m - 48*m = -18*m - 64743. List the prime factors of m.
7, 3083
Let h = 402 + 1053. List the prime factors of (-140)/(-2 - -7 - h/285).
2, 5, 7, 19
Suppose 4*h + 10 = -5*o, 4*o + 4 = 2*o. Let m be 3*75 - 3 - h. Suppose 24*j + m = 27*j. List the prime factors of j.
2, 37
Suppose 10114 = 3*h + 5*z, 5*z = -153*h + 149*h + 13487. What are the prime factors of h?
3373
Let q = 22 - 68. Let p = q + 53. Let v(h) = -h**2 + 12*h - 9. What are the prime factors of v(p)?
2, 13
Suppose 2*w = 5*n + 3, -5*w + 10 = -5*n - 5. Suppose 0 = -w*h + 3*q + 5952, -2*q = 9*h - 12*h + 4464. What are the prime factors of h?
2, 3, 31
Let f be (-288)/(-4) + -2 + 4. Let i(k) = 4*k + 63. Let u be i(-15). Suppose d - u*r - f = 0, 3*d = -2*r - r + 270. What are the prime factors of d?
2, 43
Suppose q - 3*p - 19654 = 0, 0*q - p + 58972 = 3*q. List the prime factors of q.
11, 1787
Let b be 6*653/6*4/2. Suppose -3650 = -7*t + b. What are the prime factors of t?
2, 3, 59
What are the prime factors of 10/(-40)*4*-7379 - (4 + -2)?
3, 2459
Let o be 17 + (8 - (5 - 1)). Let i(k) = -18 + o*k + 10 + 10. List the prime factors of i(1).
23
Suppose -2*b - 4*g + 12 = -0*g, 0 = b + 5*g - 15. Suppose q = 5*z - 5, -4*z = q - b*q - 4. Suppose -9 = -2*f + z. List the prime factors of f.
5
Suppose -6*r = 144 - 2370. Suppose 22*t - 29*t + r = 0. List the prime factors of t.
53
Let o(m) = -10*m + 2 + 19*m - 4*m**2 - 11*m. Let l be o(-1). Suppose -4*s + 16 = l, -k = -2*s + 5*s - 149. What are the prime factors of k?
137
Let t(g) = 9*g**2 + 2*g + 99. Let d be t(9). Suppose 9*o - 3357 = d. What are the prime factors of o?
467
Suppose -x = 2*l - 135758, 998*x + 20 = 993*x. What are the prime factors of l?
3, 11, 17
Suppose 0 = -5*k + 3*a - 5106, 5*a + 4070 = -2*k - 2*k. List the prime factors of 24/6 - k/5.
2, 13
Let o(d) = d**2 - 206*d + 38590. What are the prime factors of o(0)?
2, 5, 17, 227
Suppose -x = -5*n - 0*x + 40, 0 = -5*n - 4*x + 15. Suppose 0 = n*z - 550 + 179. List the prime factors of z.
53
Let g(s) = s**2 + 12*s - 14. Let r be g(-15). Let c = 49 - r. Suppose -q = 5*n - c, -6*n + 18 = 2*q - 2*n. What are the prime factors of q?
3
Suppose 5*k - 8308 = 3*b, -8*b - 4*k + 5540 = -10*b. Let j = 4346 + b. List the prime factors of j.
2, 5, 79
Let a = -840 + 962. What are the prime factors of (a/4)/(((-125)/230)/(-25))?
23, 61
Let n(o) = o**2 + 11*o - 54. Let u be n(-15). Suppose 4*i = -u*p + 4*p + 1698, 1701 = 2*p + 3*i. List the prime factors of p.
3, 5, 19
Let y = -2 - -2. Suppose 2*h = 3*p - 481, -334 = -2*p - y*h - 2*h. Suppose -62 = -5*l + p. What are the prime factors of l?
3, 5
Suppose 1323191 = 455*u - 881739. List the prime factors of u.
2, 2423
Let o = 194 - 191. Suppose o*k - i = 215, -19*i + 24*i - 385 = -5*k. List the prime factors of k.
73
Let y(c) = 162*c**2 - 5*c + 6. Let q(r) = 323*r**2 - 9*r + 13. Let m(o) = -3*q(o) + 7*y(o). List the prime factors of m(2).
647
Let p be -2 - -3 - 0 - 2786/(-2). Suppose -650 - p = -2*z. Suppose -k = 2*r - 198, 0 = -5*k - 2*r - 0*r + z. What are the prime factors of k?
2, 103
Let s(a) = -2*a - 33. Let b be s(-19). Suppose -10 = -b*x + 15. Suppose -3*w + 82 - 23 = 5*y, -w + 53 = x*y. What are the prime factors of y?
2, 5
Suppose 47 - 17 = 10*y. Suppose 0 = -2*f - y*m + m + 214, -3*f = 2*m - 318. List the prime factors of f.
2, 13
Suppose 37*f - 36*f - 2*u = 14347, 5*u = 25. What are the prime factors of f?
7, 293
Suppose 0 = -31*u - 258*u + 72*u + 7206136. What are the prime factors of u?
2, 7, 593
Let d(i) be the third derivative of 19*i**4/24 + 5*i**3/6 - 74*i**2. List the prime factors of d(7).
2, 3, 23
Let u = -156 + 161. Suppose 1465 = 4*w + u*o, 3*w - 569 = 5*o + 486. List the prime factors of w.
2, 3, 5
Let v = -34 - -41. Suppose 2*k - 3*w = -734, -v*k + 3*k - 1460 = -2*w. Let b = -248 - k. What are the prime factors of b?
2, 29
Let k(b) = -b**3 - 7*b**2 - b - 3. Suppose 6*h - 14 = 8*h. Let c be k(h). Suppose m + m + c*q = 104, 98 = 2*m + 2*q. What are the prime factors of m?
2, 23
Suppose 13*w + 16853 = 53734. What are the prime factors of w?
2837
Suppose -2*r = -5*m + 2667, m + 0*r + 3*r = 530. Let a = m - -192. What are the prime factors of a?
5, 29
Let j(g) = g**3 - 3*g**2 + 2*g - 1. Let y be j(3). Suppose 0 = -d - 2*v + 54, 14*d + 81 = 16*d - 5*v. Suppose 2*s = y*s - d. List the prime factors of s.
2
Suppose 0 = p + 2*o - 3763, -3*p + 1533*o = 1529*o - 11299. What are the prime factors of p?
3, 5, 251
Let b = 50 + -13. Let n be b + (-4)/((-20)/(-15)). Suppose 3*o - 4*x = 476, -n = -2*o - x + 276. What are the prime factors of o?
2, 3, 13
Let z = 4041 - -2486. List the prime factors of z.
61, 107
Let f(k) = -k**3 - 43*k**2 - 96*k + 298. List the prime factors of f(-41).
2, 109
What are the prime factors of (-50)/150 + (-8)/3 + (13239 - 9)?
3, 4409
Suppose 0 = 2*b - 3*k + 1, -3*b + 7 = k - 8. Let m be 29*-11 - (b + -1). Let x = -201 - m. What are the prime factors of x?
11
Suppose 114*w = 111*w + 9. Suppose -w*x = 5*r - 726 + 171, 3*x - 4*r - 555 = 0. List the prime factors of x.
5, 37
Let p(i) = -i. Let w(a) = 8*a + 1. Let u(q) = -8*q + 7. Let r be u(1). Let c(z) = r*w(z) - 3*p(z). What are the prime factors of c(-14)?
3, 23
Suppose 0 = 3*p + 59 - 35. Let y = p - -10. What are the prime factors of (y/3)/(8/216)?
2, 3
Suppose 0*k - 1420 - 178 = 17*k. Let b be (-1*1)/(-1)*151. Let s = k + b. List the prime factors of s.
3, 19
Suppose -4*j = 5*g - 111 - 60, -4*g + 142 = -2*j. Let t = -34 + g. List the prime factors of ((-282)/(-15))/(t - 8/10).
2, 47
Let p(l) = 2*l**3 + 2*l**2 - 2*l + 52684. What are the prime factors of p(0)?
2, 13171
Suppose -68*w = -321*w + 7159900. What are the prime factors of w?
2, 5, 283
Let g = -1056 + 15041. List the prime factors of g.
5, 2797
Let n be (1335/20)/((-1)/(-4)). Suppose 3*j - n = -33. List the prime factors of j.
2, 3, 13
Let b = 73398 - 23323. What are the prime factors of b?
5, 2003
Let f(h) = -h**3 - 14*h**2 + 2*h + 28. 